{"id":7,"date":"2018-05-08T10:47:00","date_gmt":"2018-05-08T07:47:00","guid":{"rendered":"https:\/\/3dmanor.eu\/ules\/?page_id=7"},"modified":"2022-12-02T18:51:06","modified_gmt":"2022-12-02T16:51:06","slug":"lisa-enda-mois","status":"publish","type":"page","link":"https:\/\/3dmanor.eu\/?page_id=7","title":{"rendered":"Lisa m\u00f5is"},"content":{"rendered":"<h3 style=\"text-align: left;\">M\u00f5isaportaalis m\u00f5isa kohta pildimaterjali, tekstiinfo, teenuste, \u00fcrituste, k\u00fclastusinfo ja kontaktandmete avaldamine on tasuta! M\u00f5isa kohta infot v\u00f5ib edastada koos pildimaterjaliga ka kristjan@edunet.ee aadressile<\/h3>\n<p>&nbsp;<\/p>\n<h3>3D VIRTUAALTUURIDE TELLIMINE<\/h3>\n<p>M\u00f5isakaardil on v\u00f5imalik saada endale tavalise\u00a0<img decoding=\"async\" src=\"https:\/\/i.gyazo.com\/e1d46e583edfa0a5492ddd3e53e5744c.png\" \/>\u00a0m\u00e4rgise asemel\u00a0\u00a0<img decoding=\"async\" src=\"https:\/\/i.gyazo.com\/efe1d5e594dba29545825286a9ff1c13.png\" \/>\u00a0m\u00e4rgis.<\/p>\n<p>Selleks tuleb tellida 3D virtuaaltuur, mis annab m\u00f5isakaardi k\u00fclastajale v\u00f5imaluse interneti vahendusel Sinu m\u00f5isas ringi\u00a0liikuda.<\/p>\n<p><b>Virtuaaltuurid on kuvatud m\u00f5isakaardil 3d m\u00e4rgisega.<\/b><\/p>\n<p><strong>VIRTUAALTUURIDE HINNAKIRI:<\/strong><\/p>\n<p><strong><span style=\"text-decoration: underline;\">V\u00e4ike m\u00f5is<\/span><\/strong><br \/>\nkuni 300m\u00b2 | <strong>599 \u20ac + KM\u00a0<\/strong><\/p>\n<p><strong><span style=\"text-decoration: underline;\">Keskmine m\u00f5is<\/span><\/strong><br \/>\n300m\u00b2-600m\u00b2 | <strong>999 \u20ac + KM<\/strong><\/p>\n<p><strong><span style=\"text-decoration: underline;\">Suur m\u00f5is<\/span><\/strong><br \/>\n600-1000m\u00b2 | <strong>1299 \u20ac+ KM<\/strong><\/p>\n<p><strong>Hinnas sisaldub:\u00a0<\/strong><\/p>\n<ul>\n<li>kuni 300 x 4K resoltusiooniga panoraampilti<\/li>\n<li>piltidest liidetud virtuaaltuur, kus saab sujuvalt panoraamide vahel &#8220;ringi k\u00f5ndida&#8221;<\/li>\n<li>men\u00fc\u00fc t\u00e4htsamate punktide vahel mugavaks navigeerimiseks<\/li>\n<li>kuni 20 infonuppu teksti, pildi, helisalvestuse v\u00f5i videoga<\/li>\n<li>m\u00f5isa lisamine google street view&#8217;sse<\/li>\n<li>virtuaaltuuri lisamine teie kodulehele, juhend ning edaspidine tugi<\/li>\n<li>virtuaaltuuri lisamine m\u00f5isakaardile ning 3D ikoon<\/li>\n<li>1 aasta tasuta virtuaaltuuri pilvemajutust (edaspidi 60 \u20ac \/ aasta)<\/li>\n<\/ul>\n<p><strong>MIKS VIRTUAALTUUR?\u00a0<\/strong><\/p>\n<ul>\n<li>S\u00e4\u00e4sta iga kuu k\u00fcmneid tunde selle pealt, et ei pea ruumide ja v\u00f5imaluste tutvustamiseks iga huvilisega kohtuma. Saada neile hoopis virtuaaltuuri link.<\/li>\n<li>Tavaliste piltidega v\u00f5rreldes annab virtuaaltuur ka ajaloo, emotsiooni ja tunded edasi, kuna laseb inimesel kohalolu tunda ning infonuppudelt k\u00f5ik t\u00e4htsama info k\u00e4tte saada.<\/li>\n<li>Lisame virtuaaltuuri Sinu kodulehele. See hoiab inimese kauem kodulehel, tekitab emotsiooni ning t\u00f5stab Sinu kredibiilsust nii inimese kui ka Google&#8217;i otsingumootorite jaoks.<\/li>\n<\/ul>\n<p><strong>Virtuaaltuuri tellimiseks kontakteeru:\u00a0<\/strong><br \/>\n<strong>Madis Kirsman<\/strong><br \/>\n<strong>+372 555 94 125<\/strong><br \/>\n<strong>madis@avar.ee<\/strong><\/p>\n","protected":false},"excerpt":{"rendered":"<p>M\u00f5isaportaalis m\u00f5isa kohta pildimaterjali, tekstiinfo, teenuste, \u00fcrituste, k\u00fclastusinfo ja kontaktandmete avaldamine on tasuta! M\u00f5isa kohta infot v\u00f5ib edastada koos pildimaterjaliga ka kristjan@edunet.ee aadressile &nbsp; 3D VIRTUAALTUURIDE TELLIMINE M\u00f5isakaardil on v\u00f5imalik saada endale tavalise\u00a0\u00a0m\u00e4rgise asemel\u00a0\u00a0\u00a0m\u00e4rgis. Selleks tuleb tellida 3D virtuaaltuur, mis annab m\u00f5isakaardi k\u00fclastajale v\u00f5imaluse interneti vahendusel Sinu m\u00f5isas ringi\u00a0liikuda. Virtuaaltuurid on kuvatud m\u00f5isakaardil 3d m\u00e4rgisega. [&hellip;]<\/p>\n","protected":false},"author":1,"featured_media":0,"parent":0,"menu_order":0,"comment_status":"closed","ping_status":"closed","template":"","meta":{"footnotes":""},"class_list":["post-7","page","type-page","status-publish","hentry"],"_links":{"self":[{"href":"https:\/\/3dmanor.eu\/index.php?rest_route=\/wp\/v2\/pages\/7","targetHints":{"allow":["GET"]}}],"collection":[{"href":"https:\/\/3dmanor.eu\/index.php?rest_route=\/wp\/v2\/pages"}],"about":[{"href":"https:\/\/3dmanor.eu\/index.php?rest_route=\/wp\/v2\/types\/page"}],"author":[{"embeddable":true,"href":"https:\/\/3dmanor.eu\/index.php?rest_route=\/wp\/v2\/users\/1"}],"replies":[{"embeddable":true,"href":"https:\/\/3dmanor.eu\/index.php?rest_route=%2Fwp%2Fv2%2Fcomments&post=7"}],"version-history":[{"count":30,"href":"https:\/\/3dmanor.eu\/index.php?rest_route=\/wp\/v2\/pages\/7\/revisions"}],"predecessor-version":[{"id":1291,"href":"https:\/\/3dmanor.eu\/index.php?rest_route=\/wp\/v2\/pages\/7\/revisions\/1291"}],"wp:attachment":[{"href":"https:\/\/3dmanor.eu\/index.php?rest_route=%2Fwp%2Fv2%2Fmedia&parent=7"}],"curies":[{"name":"wp","href":"https:\/\/api.w.org\/{rel}","templated":true}]}}